{"id":1041,"date":"2019-04-24T06:07:26","date_gmt":"2019-04-24T06:07:26","guid":{"rendered":"https:\/\/dugunoykusu.net\/armaluks\/?page_id=1041"},"modified":"2023-12-25T20:06:34","modified_gmt":"2023-12-25T20:06:34","slug":"kalitepolitikamiz","status":"publish","type":"page","link":"https:\/\/armaluks.com\/armaluks\/kalitepolitikamiz\/","title":{"rendered":"Kalite Politikam\u0131z"},"content":{"rendered":"\t\t<div data-elementor-type=\"wp-post\" data-elementor-id=\"1041\" class=\"elementor elementor-1041\" data-elementor-post-type=\"page\">\n\t\t\t\t\t\t<section class=\"elementor-section elementor-top-section elementor-element elementor-element-5e18d06 elementor-section-boxed elementor-section-height-default elementor-section-height-default\" data-id=\"5e18d06\" data-element_type=\"section\" data-e-type=\"section\">\n\t\t\t\t\t\t<div class=\"elementor-container elementor-column-gap-default\">\n\t\t\t\t\t<div class=\"elementor-column elementor-col-50 elementor-top-column elementor-element elementor-element-6212db7\" data-id=\"6212db7\" data-element_type=\"column\" data-e-type=\"column\">\n\t\t\t<div class=\"elementor-widget-wrap elementor-element-populated\">\n\t\t\t\t\t\t<div class=\"elementor-element elementor-element-a31ab96 elementor-widget elementor-widget-induxo-title\" data-id=\"a31ab96\" data-element_type=\"widget\" data-e-type=\"widget\" data-widget_type=\"induxo-title.default\">\n\t\t\t\t<div class=\"elementor-widget-container\">\n\t\t\t\t\t         <div class=\"section-heading-content\">\n                     <h2 class=\"section-title title-left\">\n                 Kalite <span>disiplinli <\/span> \u00fcretim <br>  <span>teknolojik yenilik<\/span>            <\/h2>\n         <\/div><!-- Section title -->\t\t\n         \n\n     \n    \t\t\t\t<\/div>\n\t\t\t\t<\/div>\n\t\t\t\t<div class=\"elementor-element elementor-element-dddf003 elementor-widget elementor-widget-text-editor\" data-id=\"dddf003\" data-element_type=\"widget\" data-e-type=\"widget\" data-widget_type=\"text-editor.default\">\n\t\t\t\t<div class=\"elementor-widget-container\">\n\t\t\t\t\t\t\t\t\t<p>\u00dcretim ve kalite felsefemiz gere\u011fi lazer kesim i\u015flemlerinde tasar\u0131m\u0131n\u0131z\u0131n bizlere ula\u015fmas\u0131ndan sizlere teslimine kadar her a\u015famas\u0131nda yenilenen teknolojilerden faydalan\u0131yoruz.<\/p>\t\t\t\t\t\t\t\t<\/div>\n\t\t\t\t<\/div>\n\t\t\t\t<section class=\"elementor-section elementor-inner-section elementor-element elementor-element-907191d elementor-section-boxed elementor-section-height-default elementor-section-height-default\" data-id=\"907191d\" data-element_type=\"section\" data-e-type=\"section\">\n\t\t\t\t\t\t<div class=\"elementor-container elementor-column-gap-default\">\n\t\t\t\t\t<div class=\"elementor-column elementor-col-50 elementor-inner-column elementor-element elementor-element-87ea159\" data-id=\"87ea159\" data-element_type=\"column\" data-e-type=\"column\">\n\t\t\t<div class=\"elementor-widget-wrap elementor-element-populated\">\n\t\t\t\t\t\t<div class=\"elementor-element elementor-element-8917513 elementor-position-inline-start elementor-view-default elementor-mobile-position-block-start elementor-widget elementor-widget-icon-box\" data-id=\"8917513\" data-element_type=\"widget\" data-e-type=\"widget\" data-widget_type=\"icon-box.default\">\n\t\t\t\t<div class=\"elementor-widget-container\">\n\t\t\t\t\t\t\t<div class=\"elementor-icon-box-wrapper\">\n\n\t\t\t\t\t\t<div class=\"elementor-icon-box-icon\">\n\t\t\t\t<span  class=\"elementor-icon\">\n\t\t\t\t<i aria-hidden=\"true\" class=\"fasicon icon-about_us_icon1\"><\/i>\t\t\t\t<\/span>\n\t\t\t<\/div>\n\t\t\t\n\t\t\t\t\t\t<div class=\"elementor-icon-box-content\">\n\n\t\t\t\t\t\t\t\t\t<h3 class=\"elementor-icon-box-title\">\n\t\t\t\t\t\t<span  >\n\t\t\t\t\t\t\tProfesyonel\t\t\t\t\t\t<\/span>\n\t\t\t\t\t<\/h3>\n\t\t\t\t\n\t\t\t\t\n\t\t\t<\/div>\n\t\t\t\n\t\t<\/div>\n\t\t\t\t\t\t<\/div>\n\t\t\t\t<\/div>\n\t\t\t\t<div class=\"elementor-element elementor-element-44eae89 elementor-position-inline-start elementor-view-default elementor-mobile-position-block-start elementor-widget elementor-widget-icon-box\" data-id=\"44eae89\" data-element_type=\"widget\" data-e-type=\"widget\" data-widget_type=\"icon-box.default\">\n\t\t\t\t<div class=\"elementor-widget-container\">\n\t\t\t\t\t\t\t<div class=\"elementor-icon-box-wrapper\">\n\n\t\t\t\t\t\t<div class=\"elementor-icon-box-icon\">\n\t\t\t\t<span  class=\"elementor-icon\">\n\t\t\t\t<i aria-hidden=\"true\" class=\"fasicon icon-about_us_icon3\"><\/i>\t\t\t\t<\/span>\n\t\t\t<\/div>\n\t\t\t\n\t\t\t\t\t\t<div class=\"elementor-icon-box-content\">\n\n\t\t\t\t\t\t\t\t\t<h3 class=\"elementor-icon-box-title\">\n\t\t\t\t\t\t<span  >\n\t\t\t\t\t\t\tDisiplin\t\t\t\t\t\t<\/span>\n\t\t\t\t\t<\/h3>\n\t\t\t\t\n\t\t\t\t\n\t\t\t<\/div>\n\t\t\t\n\t\t<\/div>\n\t\t\t\t\t\t<\/div>\n\t\t\t\t<\/div>\n\t\t\t\t\t<\/div>\n\t\t<\/div>\n\t\t\t\t<div class=\"elementor-column elementor-col-50 elementor-inner-column elementor-element elementor-element-c77fa61\" data-id=\"c77fa61\" data-element_type=\"column\" data-e-type=\"column\">\n\t\t\t<div class=\"elementor-widget-wrap elementor-element-populated\">\n\t\t\t\t\t\t<div class=\"elementor-element elementor-element-08dcf71 elementor-position-inline-start elementor-view-default elementor-mobile-position-block-start elementor-widget elementor-widget-icon-box\" data-id=\"08dcf71\" data-element_type=\"widget\" data-e-type=\"widget\" data-widget_type=\"icon-box.default\">\n\t\t\t\t<div class=\"elementor-widget-container\">\n\t\t\t\t\t\t\t<div class=\"elementor-icon-box-wrapper\">\n\n\t\t\t\t\t\t<div class=\"elementor-icon-box-icon\">\n\t\t\t\t<span  class=\"elementor-icon\">\n\t\t\t\t<i aria-hidden=\"true\" class=\"fasicon icon-about_us_icon2\"><\/i>\t\t\t\t<\/span>\n\t\t\t<\/div>\n\t\t\t\n\t\t\t\t\t\t<div class=\"elementor-icon-box-content\">\n\n\t\t\t\t\t\t\t\t\t<h3 class=\"elementor-icon-box-title\">\n\t\t\t\t\t\t<span  >\n\t\t\t\t\t\t\tTeknolojik\t\t\t\t\t\t<\/span>\n\t\t\t\t\t<\/h3>\n\t\t\t\t\n\t\t\t\t\n\t\t\t<\/div>\n\t\t\t\n\t\t<\/div>\n\t\t\t\t\t\t<\/div>\n\t\t\t\t<\/div>\n\t\t\t\t<div class=\"elementor-element elementor-element-4e3edd0 elementor-position-inline-start elementor-view-default elementor-mobile-position-block-start elementor-widget elementor-widget-icon-box\" data-id=\"4e3edd0\" data-element_type=\"widget\" data-e-type=\"widget\" data-widget_type=\"icon-box.default\">\n\t\t\t\t<div class=\"elementor-widget-container\">\n\t\t\t\t\t\t\t<div class=\"elementor-icon-box-wrapper\">\n\n\t\t\t\t\t\t<div class=\"elementor-icon-box-icon\">\n\t\t\t\t<span  class=\"elementor-icon\">\n\t\t\t\t<i aria-hidden=\"true\" class=\"fasicon icon-about_us_icon4\"><\/i>\t\t\t\t<\/span>\n\t\t\t<\/div>\n\t\t\t\n\t\t\t\t\t\t<div class=\"elementor-icon-box-content\">\n\n\t\t\t\t\t\t\t\t\t<h3 class=\"elementor-icon-box-title\">\n\t\t\t\t\t\t<span  >\n\t\t\t\t\t\t\tDonan\u0131ml\u0131 Kadro\t\t\t\t\t\t<\/span>\n\t\t\t\t\t<\/h3>\n\t\t\t\t\n\t\t\t\t\n\t\t\t<\/div>\n\t\t\t\n\t\t<\/div>\n\t\t\t\t\t\t<\/div>\n\t\t\t\t<\/div>\n\t\t\t\t\t<\/div>\n\t\t<\/div>\n\t\t\t\t\t<\/div>\n\t\t<\/section>\n\t\t\t\t\t<\/div>\n\t\t<\/div>\n\t\t\t\t<div class=\"elementor-column elementor-col-50 elementor-top-column elementor-element elementor-element-10beaea\" data-id=\"10beaea\" data-element_type=\"column\" data-e-type=\"column\">\n\t\t\t<div class=\"elementor-widget-wrap elementor-element-populated\">\n\t\t\t\t\t\t<div class=\"elementor-element elementor-element-e1ee249 elementor-widget elementor-widget-history-slider\" data-id=\"e1ee249\" data-element_type=\"widget\" data-e-type=\"widget\" data-widget_type=\"history-slider.default\">\n\t\t\t\t<div class=\"elementor-widget-container\">\n\t\t\t\t\t\n    <div class=\"about-area\">\n        <div class=\"ts-about-image-wrapper owl-carousel owl-theme\" data-controls=\"{&quot;show_nav&quot;:true,&quot;auto_nav_slide&quot;:&quot;&quot;}\">\n                                          <div class=\"single-about-image\" style=\"background-image: url(https:\/\/dugunoykusu.net\/armaluks\/wp-content\/uploads\/2019\/04\/about-1.jpg);\">\n                <div class=\"ts-about-intro\">\n                  <h3>Tecr\u00fcbeli <span>Kadro<\/span><\/h3>\n                  <p> \n                       Y\u0131llar\u0131n vermi\u015f oldu\u011fu deneyim ve Lazer Kesim i\u015flemlerinde geli\u015fmi\u015f teknolojiyle sizleri bulu\u015fturuyoruz. \n                  <\/p>\n                <\/div>\n              <\/div>\n            <!-- end single about images -->\n                   <\/div>\n      <\/div>\n  \n \n   \t\t\t\t<\/div>\n\t\t\t\t<\/div>\n\t\t\t\t\t<\/div>\n\t\t<\/div>\n\t\t\t\t\t<\/div>\n\t\t<\/section>\n\t\t\t\t<section class=\"elementor-section elementor-top-section elementor-element elementor-element-3fe0b33 elementor-section-boxed elementor-section-height-default elementor-section-height-default\" data-id=\"3fe0b33\" data-element_type=\"section\" data-e-type=\"section\" data-settings=\"{&quot;background_background&quot;:&quot;classic&quot;}\">\n\t\t\t\t\t\t\t<div class=\"elementor-background-overlay\"><\/div>\n\t\t\t\t\t\t\t<div class=\"elementor-container elementor-column-gap-default\">\n\t\t\t\t\t<div class=\"elementor-column elementor-col-100 elementor-top-column elementor-element elementor-element-f80a8ef\" data-id=\"f80a8ef\" data-element_type=\"column\" data-e-type=\"column\">\n\t\t\t<div class=\"elementor-widget-wrap elementor-element-populated\">\n\t\t\t\t\t\t<div class=\"elementor-element elementor-element-a414a4c elementor-widget elementor-widget-induxo-title\" data-id=\"a414a4c\" data-element_type=\"widget\" data-e-type=\"widget\" data-widget_type=\"induxo-title.default\">\n\t\t\t\t<div class=\"elementor-widget-container\">\n\t\t\t\t\t         <div class=\"section-heading-content\">\n                     <h2 class=\"section-title title-center\">\n                 Sizin <span>Projeniz<\/span> Bizim <span>Projemiz<\/span>            <\/h2>\n         <\/div><!-- Section title -->\t\t\n         \n\n     \n    \t\t\t\t<\/div>\n\t\t\t\t<\/div>\n\t\t\t\t<div class=\"elementor-element elementor-element-12ca349 elementor-widget elementor-widget-text-editor\" data-id=\"12ca349\" data-element_type=\"widget\" data-e-type=\"widget\" data-widget_type=\"text-editor.default\">\n\t\t\t\t<div class=\"elementor-widget-container\">\n\t\t\t\t\t\t\t\t\t<section class=\"cta-area cta-centred no-padding text-center overlay overlay-two\"><div class=\"container\"><div class=\"row justify-content-center\"><div class=\"col-lg-8 col-md-12\"><p class=\"title-white\">Lazer Kesim ve Lazer Markalama i\u015flemleriniz i\u00e7in zaman kaybetmeden \u00e7\u00f6z\u00fcmler \u00fcretelim<\/p><\/div><\/div><\/div><\/section>\t\t\t\t\t\t\t\t<\/div>\n\t\t\t\t<\/div>\n\t\t\t\t<div class=\"elementor-element elementor-element-75eb4b8 elementor-align-center elementor-widget elementor-widget-button\" data-id=\"75eb4b8\" data-element_type=\"widget\" data-e-type=\"widget\" data-widget_type=\"button.default\">\n\t\t\t\t<div class=\"elementor-widget-container\">\n\t\t\t\t\t\t\t\t\t<div class=\"elementor-button-wrapper\">\n\t\t\t\t\t<a class=\"elementor-button elementor-button-link elementor-size-md\" href=\"\">\n\t\t\t\t\t\t<span class=\"elementor-button-content-wrapper\">\n\t\t\t\t\t\t\t\t\t<span class=\"elementor-button-text\">Teklif Al\u0131n<\/span>\n\t\t\t\t\t<\/span>\n\t\t\t\t\t<\/a>\n\t\t\t\t<\/div>\n\t\t\t\t\t\t\t\t<\/div>\n\t\t\t\t<\/div>\n\t\t\t\t\t<\/div>\n\t\t<\/div>\n\t\t\t\t\t<\/div>\n\t\t<\/section>\n\t\t\t\t<section class=\"elementor-section elementor-top-section elementor-element elementor-element-63283cc elementor-section-boxed elementor-section-height-default elementor-section-height-default\" data-id=\"63283cc\" data-element_type=\"section\" data-e-type=\"section\" data-settings=\"{&quot;background_background&quot;:&quot;classic&quot;}\">\n\t\t\t\t\t\t\t<div class=\"elementor-background-overlay\"><\/div>\n\t\t\t\t\t\t\t<div class=\"elementor-container elementor-column-gap-default\">\n\t\t\t\t\t<div class=\"elementor-column elementor-col-100 elementor-top-column elementor-element elementor-element-d3ce75c\" data-id=\"d3ce75c\" data-element_type=\"column\" data-e-type=\"column\">\n\t\t\t<div class=\"elementor-widget-wrap elementor-element-populated\">\n\t\t\t\t\t\t<section class=\"elementor-section elementor-inner-section elementor-element elementor-element-bf37901 elementor-section-boxed elementor-section-height-default elementor-section-height-default\" data-id=\"bf37901\" data-element_type=\"section\" data-e-type=\"section\">\n\t\t\t\t\t\t<div class=\"elementor-container elementor-column-gap-default\">\n\t\t\t\t\t<div class=\"elementor-column elementor-col-50 elementor-inner-column elementor-element elementor-element-abd1bb8\" data-id=\"abd1bb8\" data-element_type=\"column\" data-e-type=\"column\">\n\t\t\t<div class=\"elementor-widget-wrap elementor-element-populated\">\n\t\t\t\t\t\t<div class=\"elementor-element elementor-element-e66e0de elementor-widget elementor-widget-induxo-title\" data-id=\"e66e0de\" data-element_type=\"widget\" data-e-type=\"widget\" data-widget_type=\"induxo-title.default\">\n\t\t\t\t<div class=\"elementor-widget-container\">\n\t\t\t\t\t         <div class=\"section-heading-content\">\n                  <small class=\"title-bg-small\">\u00dcretim Yapt\u0131\u011f\u0131m\u0131z<\/small>\n                    <h2 class=\"section-title title-left\">\n                 Baz\u0131 <span>Projeler<\/span>            <\/h2>\n         <\/div><!-- Section title -->\t\t\n         \n\n     \n    \t\t\t\t<\/div>\n\t\t\t\t<\/div>\n\t\t\t\t\t<\/div>\n\t\t<\/div>\n\t\t\t\t<div class=\"elementor-column elementor-col-50 elementor-inner-column elementor-element elementor-element-651f765\" data-id=\"651f765\" data-element_type=\"column\" data-e-type=\"column\">\n\t\t\t<div class=\"elementor-widget-wrap elementor-element-populated\">\n\t\t\t\t\t\t<div class=\"elementor-element elementor-element-25621b4 elementor-widget elementor-widget-text-editor\" data-id=\"25621b4\" data-element_type=\"widget\" data-e-type=\"widget\" data-widget_type=\"text-editor.default\">\n\t\t\t\t<div class=\"elementor-widget-container\">\n\t\t\t\t\t\t\t\t\t<p>Ankara Lazer Kesim i\u015flemlerinde sekt\u00f6r\u00fcn \u00f6nc\u00fc firmalar\u0131na \u00e7\u00f6z\u00fcm orta\u011f\u0131 olmaya devam ediyoruz.<\/p>\t\t\t\t\t\t\t\t<\/div>\n\t\t\t\t<\/div>\n\t\t\t\t\t<\/div>\n\t\t<\/div>\n\t\t\t\t\t<\/div>\n\t\t<\/section>\n\t\t\t\t<div class=\"elementor-element elementor-element-f03f836 elementor-widget elementor-widget-induxo-project-slider\" data-id=\"f03f836\" data-element_type=\"widget\" data-e-type=\"widget\" data-widget_type=\"induxo-project-slider.default\">\n\t\t\t\t<div class=\"elementor-widget-container\">\n\t\t\t\t\t\n      <div class=\"ts-features\">\n         <div data-controls=\"{&quot;show_nav&quot;:true,&quot;auto_nav_slide&quot;:&quot;&quot;,&quot;project_slide_gap&quot;:&quot;5&quot;}\" class=\"features-project owl-carousel owl-theme\">\n           \n         <\/div>\n      <\/div><!-- ts-features end -->\n        \t\t\t\t<\/div>\n\t\t\t\t<\/div>\n\t\t\t\t\t<\/div>\n\t\t<\/div>\n\t\t\t\t\t<\/div>\n\t\t<\/section>\n\t\t\t\t<\/div>\n\t\t","protected":false},"excerpt":{"rendered":"<p>Kalite disiplinli \u00fcretim teknolojik yenilik \u00dcretim ve kalite felsefemiz gere\u011fi lazer kesim i\u015flemlerinde tasar\u0131m\u0131n\u0131z\u0131n bizlere ula\u015fmas\u0131ndan sizlere teslimine kadar her a\u015famas\u0131nda yenilenen teknolojilerden faydalan\u0131yoruz. Profesyonel Disiplin Teknolojik Donan\u0131ml\u0131 Kadro Tecr\u00fcbeli Kadro Y\u0131llar\u0131n vermi\u015f oldu\u011fu deneyim ve Lazer Kesim i\u015flemlerinde geli\u015fmi\u015f teknolojiyle sizleri bulu\u015fturuyoruz. Sizin Projeniz Bizim Projemiz Lazer Kesim ve Lazer Markalama i\u015flemleriniz i\u00e7in zaman [&hellip;]<\/p>\n","protected":false},"author":1,"featured_media":0,"parent":0,"menu_order":0,"comment_status":"closed","ping_status":"closed","template":"template\/full-width-template.php","meta":{"footnotes":""},"class_list":["post-1041","page","type-page","status-publish","hentry"],"yoast_head":"<!-- This site is optimized with the Yoast SEO plugin v27.0 - https:\/\/yoast.com\/product\/yoast-seo-wordpress\/ -->\n<title>Kalite Politikam\u0131z - Armal\u00fcks Lazer Kesim - B\u00fck\u00fcm - \u00c7elik imalat<\/title>\n<meta name=\"robots\" content=\"index, follow, max-snippet:-1, max-image-preview:large, max-video-preview:-1\" \/>\n<link rel=\"canonical\" href=\"https:\/\/armaluks.com\/armaluks\/kalitepolitikamiz\/\" \/>\n<meta property=\"og:locale\" content=\"tr_TR\" \/>\n<meta property=\"og:type\" content=\"article\" \/>\n<meta property=\"og:title\" content=\"Kalite Politikam\u0131z - Armal\u00fcks Lazer Kesim - B\u00fck\u00fcm - \u00c7elik imalat\" \/>\n<meta property=\"og:description\" content=\"Kalite disiplinli \u00fcretim teknolojik yenilik \u00dcretim ve kalite felsefemiz gere\u011fi lazer kesim i\u015flemlerinde tasar\u0131m\u0131n\u0131z\u0131n bizlere ula\u015fmas\u0131ndan sizlere teslimine kadar her a\u015famas\u0131nda yenilenen teknolojilerden faydalan\u0131yoruz. Profesyonel Disiplin Teknolojik Donan\u0131ml\u0131 Kadro Tecr\u00fcbeli Kadro Y\u0131llar\u0131n vermi\u015f oldu\u011fu deneyim ve Lazer Kesim i\u015flemlerinde geli\u015fmi\u015f teknolojiyle sizleri bulu\u015fturuyoruz. Sizin Projeniz Bizim Projemiz Lazer Kesim ve Lazer Markalama i\u015flemleriniz i\u00e7in zaman [&hellip;]\" \/>\n<meta property=\"og:url\" content=\"https:\/\/armaluks.com\/armaluks\/kalitepolitikamiz\/\" \/>\n<meta property=\"og:site_name\" content=\"Armal\u00fcks Lazer Kesim - B\u00fck\u00fcm - \u00c7elik imalat\" \/>\n<meta property=\"article:modified_time\" content=\"2023-12-25T20:06:34+00:00\" \/>\n<meta name=\"twitter:card\" content=\"summary_large_image\" \/>\n<meta name=\"twitter:label1\" content=\"Tahmini okuma s\u00fcresi\" \/>\n\t<meta name=\"twitter:data1\" content=\"2 dakika\" \/>\n<script type=\"application\/ld+json\" class=\"yoast-schema-graph\">{\"@context\":\"https:\/\/schema.org\",\"@graph\":[{\"@type\":\"WebPage\",\"@id\":\"https:\/\/armaluks.com\/armaluks\/kalitepolitikamiz\/\",\"url\":\"https:\/\/armaluks.com\/armaluks\/kalitepolitikamiz\/\",\"name\":\"Kalite Politikam\u0131z - Armal\u00fcks Lazer Kesim - B\u00fck\u00fcm - \u00c7elik imalat\",\"isPartOf\":{\"@id\":\"https:\/\/armaluks.com\/armaluks\/#website\"},\"datePublished\":\"2019-04-24T06:07:26+00:00\",\"dateModified\":\"2023-12-25T20:06:34+00:00\",\"breadcrumb\":{\"@id\":\"https:\/\/armaluks.com\/armaluks\/kalitepolitikamiz\/#breadcrumb\"},\"inLanguage\":\"tr\",\"potentialAction\":[{\"@type\":\"ReadAction\",\"target\":[\"https:\/\/armaluks.com\/armaluks\/kalitepolitikamiz\/\"]}]},{\"@type\":\"BreadcrumbList\",\"@id\":\"https:\/\/armaluks.com\/armaluks\/kalitepolitikamiz\/#breadcrumb\",\"itemListElement\":[{\"@type\":\"ListItem\",\"position\":1,\"name\":\"Anasayfa\",\"item\":\"https:\/\/armaluks.com\/armaluks\/\"},{\"@type\":\"ListItem\",\"position\":2,\"name\":\"Kalite Politikam\u0131z\"}]},{\"@type\":\"WebSite\",\"@id\":\"https:\/\/armaluks.com\/armaluks\/#website\",\"url\":\"https:\/\/armaluks.com\/armaluks\/\",\"name\":\"Armal\u00fcks Lazer Kesim - B\u00fck\u00fcm\",\"description\":\"ANKARA FASON LAZER KES\u0130M\",\"publisher\":{\"@id\":\"https:\/\/armaluks.com\/armaluks\/#organization\"},\"potentialAction\":[{\"@type\":\"SearchAction\",\"target\":{\"@type\":\"EntryPoint\",\"urlTemplate\":\"https:\/\/armaluks.com\/armaluks\/?s={search_term_string}\"},\"query-input\":{\"@type\":\"PropertyValueSpecification\",\"valueRequired\":true,\"valueName\":\"search_term_string\"}}],\"inLanguage\":\"tr\"},{\"@type\":\"Organization\",\"@id\":\"https:\/\/armaluks.com\/armaluks\/#organization\",\"name\":\"Armal\u00fcks Lazer Kesim - B\u00fck\u00fcm - \u00c7elik \u0130malat\",\"url\":\"https:\/\/armaluks.com\/armaluks\/\",\"logo\":{\"@type\":\"ImageObject\",\"inLanguage\":\"tr\",\"@id\":\"https:\/\/armaluks.com\/armaluks\/#\/schema\/logo\/image\/\",\"url\":\"https:\/\/armaluks.com\/armaluks\/wp-content\/uploads\/2023\/03\/Armaluks-logo-02-01-01a.png\",\"contentUrl\":\"https:\/\/armaluks.com\/armaluks\/wp-content\/uploads\/2023\/03\/Armaluks-logo-02-01-01a.png\",\"width\":2505,\"height\":848,\"caption\":\"Armal\u00fcks Lazer Kesim - B\u00fck\u00fcm - \u00c7elik \u0130malat\"},\"image\":{\"@id\":\"https:\/\/armaluks.com\/armaluks\/#\/schema\/logo\/image\/\"},\"sameAs\":[\"https:\/\/instagram.com\/lazer06armaluks\"]}]}<\/script>\n<!-- \/ Yoast SEO plugin. -->","yoast_head_json":{"title":"Kalite Politikam\u0131z - Armal\u00fcks Lazer Kesim - B\u00fck\u00fcm - \u00c7elik imalat","robots":{"index":"index","follow":"follow","max-snippet":"max-snippet:-1","max-image-preview":"max-image-preview:large","max-video-preview":"max-video-preview:-1"},"canonical":"https:\/\/armaluks.com\/armaluks\/kalitepolitikamiz\/","og_locale":"tr_TR","og_type":"article","og_title":"Kalite Politikam\u0131z - Armal\u00fcks Lazer Kesim - B\u00fck\u00fcm - \u00c7elik imalat","og_description":"Kalite disiplinli \u00fcretim teknolojik yenilik \u00dcretim ve kalite felsefemiz gere\u011fi lazer kesim i\u015flemlerinde tasar\u0131m\u0131n\u0131z\u0131n bizlere ula\u015fmas\u0131ndan sizlere teslimine kadar her a\u015famas\u0131nda yenilenen teknolojilerden faydalan\u0131yoruz. Profesyonel Disiplin Teknolojik Donan\u0131ml\u0131 Kadro Tecr\u00fcbeli Kadro Y\u0131llar\u0131n vermi\u015f oldu\u011fu deneyim ve Lazer Kesim i\u015flemlerinde geli\u015fmi\u015f teknolojiyle sizleri bulu\u015fturuyoruz. Sizin Projeniz Bizim Projemiz Lazer Kesim ve Lazer Markalama i\u015flemleriniz i\u00e7in zaman [&hellip;]","og_url":"https:\/\/armaluks.com\/armaluks\/kalitepolitikamiz\/","og_site_name":"Armal\u00fcks Lazer Kesim - B\u00fck\u00fcm - \u00c7elik imalat","article_modified_time":"2023-12-25T20:06:34+00:00","twitter_card":"summary_large_image","twitter_misc":{"Tahmini okuma s\u00fcresi":"2 dakika"},"schema":{"@context":"https:\/\/schema.org","@graph":[{"@type":"WebPage","@id":"https:\/\/armaluks.com\/armaluks\/kalitepolitikamiz\/","url":"https:\/\/armaluks.com\/armaluks\/kalitepolitikamiz\/","name":"Kalite Politikam\u0131z - Armal\u00fcks Lazer Kesim - B\u00fck\u00fcm - \u00c7elik imalat","isPartOf":{"@id":"https:\/\/armaluks.com\/armaluks\/#website"},"datePublished":"2019-04-24T06:07:26+00:00","dateModified":"2023-12-25T20:06:34+00:00","breadcrumb":{"@id":"https:\/\/armaluks.com\/armaluks\/kalitepolitikamiz\/#breadcrumb"},"inLanguage":"tr","potentialAction":[{"@type":"ReadAction","target":["https:\/\/armaluks.com\/armaluks\/kalitepolitikamiz\/"]}]},{"@type":"BreadcrumbList","@id":"https:\/\/armaluks.com\/armaluks\/kalitepolitikamiz\/#breadcrumb","itemListElement":[{"@type":"ListItem","position":1,"name":"Anasayfa","item":"https:\/\/armaluks.com\/armaluks\/"},{"@type":"ListItem","position":2,"name":"Kalite Politikam\u0131z"}]},{"@type":"WebSite","@id":"https:\/\/armaluks.com\/armaluks\/#website","url":"https:\/\/armaluks.com\/armaluks\/","name":"Armal\u00fcks Lazer Kesim - B\u00fck\u00fcm","description":"ANKARA FASON LAZER KES\u0130M","publisher":{"@id":"https:\/\/armaluks.com\/armaluks\/#organization"},"potentialAction":[{"@type":"SearchAction","target":{"@type":"EntryPoint","urlTemplate":"https:\/\/armaluks.com\/armaluks\/?s={search_term_string}"},"query-input":{"@type":"PropertyValueSpecification","valueRequired":true,"valueName":"search_term_string"}}],"inLanguage":"tr"},{"@type":"Organization","@id":"https:\/\/armaluks.com\/armaluks\/#organization","name":"Armal\u00fcks Lazer Kesim - B\u00fck\u00fcm - \u00c7elik \u0130malat","url":"https:\/\/armaluks.com\/armaluks\/","logo":{"@type":"ImageObject","inLanguage":"tr","@id":"https:\/\/armaluks.com\/armaluks\/#\/schema\/logo\/image\/","url":"https:\/\/armaluks.com\/armaluks\/wp-content\/uploads\/2023\/03\/Armaluks-logo-02-01-01a.png","contentUrl":"https:\/\/armaluks.com\/armaluks\/wp-content\/uploads\/2023\/03\/Armaluks-logo-02-01-01a.png","width":2505,"height":848,"caption":"Armal\u00fcks Lazer Kesim - B\u00fck\u00fcm - \u00c7elik \u0130malat"},"image":{"@id":"https:\/\/armaluks.com\/armaluks\/#\/schema\/logo\/image\/"},"sameAs":["https:\/\/instagram.com\/lazer06armaluks"]}]}},"_links":{"self":[{"href":"https:\/\/armaluks.com\/armaluks\/wp-json\/wp\/v2\/pages\/1041","targetHints":{"allow":["GET"]}}],"collection":[{"href":"https:\/\/armaluks.com\/armaluks\/wp-json\/wp\/v2\/pages"}],"about":[{"href":"https:\/\/armaluks.com\/armaluks\/wp-json\/wp\/v2\/types\/page"}],"author":[{"embeddable":true,"href":"https:\/\/armaluks.com\/armaluks\/wp-json\/wp\/v2\/users\/1"}],"replies":[{"embeddable":true,"href":"https:\/\/armaluks.com\/armaluks\/wp-json\/wp\/v2\/comments?post=1041"}],"version-history":[{"count":17,"href":"https:\/\/armaluks.com\/armaluks\/wp-json\/wp\/v2\/pages\/1041\/revisions"}],"predecessor-version":[{"id":2018,"href":"https:\/\/armaluks.com\/armaluks\/wp-json\/wp\/v2\/pages\/1041\/revisions\/2018"}],"wp:attachment":[{"href":"https:\/\/armaluks.com\/armaluks\/wp-json\/wp\/v2\/media?parent=1041"}],"curies":[{"name":"wp","href":"https:\/\/api.w.org\/{rel}","templated":true}]}}